-5*b = -5*m - 2*b + 681. What is the highest common divisor of 5 and m?
5
Suppose 4*u - 1 = -2*g + g, -22 = -4*g + 2*u. Let j be (g - -6) + (-1 - -1). Calculate the greatest common factor of 99 and j.
11
Let y = -48 - -70. What is the greatest common divisor of 176 and y?
22
Let q = 785 - 561. What is the greatest common factor of q and 32?
32
Suppose -y - 2 - 47 = 0. Let t = 225 + y. Calculate the greatest common factor of t and 22.
22
Let n = 372 + -244. What is the highest common factor of 8 and n?
8
Suppose 0*t - 3*t + 69 = 0. What is the highest common divisor of t and 46?
23
Let k(f) = -f**2 + 7*f + 7. Let b be k(7). Calculate the highest common factor of b and 7.
7
Let y = -232 + 583. Calculate the greatest common divisor of y and 27.
27
Suppose -1 - 7 = -4*b. Let k be 1/(4*(-5)/(-80)). Calculate the highest common factor of k and b.
2
Let b = -44 + 79. Let s be 9*b*2/5. Calculate the greatest common factor of 14 and s.
14
Let n(z) = -54*z - 3. Let p be n(-2). Let w be (0 + 10)*(-6)/(-4). What is the highest common factor of w and p?
15
Let q be 1/(((-4)/(-231))/4). Calculate the greatest common factor of q and 21.
21
Suppose -2*x + 0*x = 4*u - 70, -53 = -3*u - 2*x. Let c(a) = -2 - 39*a**2 + 157*a**2 + 3. Let o be c(-1). What is the greatest common factor of u and o?
17
Let b = -11 + 23. Calculate the greatest common divisor of b and 96.
12
Let k be (26/(-4))/((-1)/(-2)). Let j = -11 - k. Calculate the highest common factor of j and 10.
2
Let n be (-4)/(-8)*0 + 4. Suppose -2*v + n = -28. Calculate the greatest common factor of 144 and v.
16
Let q = -32 - -50. Calculate the highest common factor of q and 24.
6
Suppose -5*d - 2 + 12 = 0. Suppose 7 = 3*c - d. What is the greatest common divisor of c and 24?
3
Let g(o) = 2*o**2 + 2*o + 5. Suppose -5*r = -q + 25, -2*r + 2*q - 20 = 2*r. Let a be g(r). Suppose -2*n + 54 = n. What is the highest common factor of a and n?
9
Let d = 3 - 1. Suppose -d*j = -j - 17. Calculate the greatest common factor of 85 and j.
17
Suppose -5*j = -2*j - 2*b - 152, -4*j + 3*b + 202 = 0. Calculate the greatest common factor of 13 and j.
13
Suppose u - 1 = 1. Suppose 125 + 27 = 3*c + 5*r, -108 = -u*c - 5*r. What is the greatest common factor of c and 4?
4
Let z(r) = -r + 9. Let w be z(6). Suppose -v = 4*g - 14, -w*g + 24 = v + 2*v. Suppose v = -f + 4*f. Calculate the highest common divisor of 22 and f.
2
Let a = 26 + -14. Let i = 38 - 26. What is the highest common divisor of a and i?
12
Suppose 4*p = 2*h + 2*p - 110, -5*h - 5*p = -315. Let c = h - 38. Calculate the greatest common factor of 14 and c.
7
Let s = -7 - 23. Let b = s - -60. Suppose 0 = 2*z - r - r - 60, -z + b = -2*r. What is the greatest common factor of z and 12?
6
Let o(n) = 2*n**2 - 2*n**2 - 7*n**2 + 5 - n**3 - 6*n. Let y be o(-6). Calculate the greatest common divisor of 5 and y.
5
Suppose a + 18 = 26. Calculate the highest common divisor of a and 32.
8
Let z = 35 - 53. Let u = z - -58. Calculate the greatest common factor of u and 60.
20
Let w = -21 + 70. What is the highest common factor of w and 49?
49
Let w be (-4 + 3)*-1*5. Suppose -112 = -5*f + u, -f + 4*u - 80 = -w*f. Calculate the greatest common factor of f and 55.
11
Let s(h) = -h**3 + 4*h**2 - 3*h + 1. Let p be s(3). Suppose -p = l + 15. Let v be ((-84)/l)/((-3)/(-16)). Calculate the highest common factor of v and 70.
14
Let u(k) = 11*k + 3. Let d(y) = -10*y - 4. Let i(a) = 3*d(a) + 2*u(a). Let c be i(-6). Calculate the highest common factor of 6 and c.
6
Let n = 42 - 29. What is the greatest common divisor of 104 and n?
13
Let k be 2*(1 - 2) - -4. Let c be k/6 - (-70)/6. Calculate the highest common divisor of 2 and c.
2
Let u be 58 - 2*3/6. Suppose g + 0*g = u. What is the highest common divisor of g and 19?
19
Let s = 23 - 10. Let o = s + -8. Let y(a) = a**3 - 4*a**2 - 3*a - 5. Let f be y(5). What is the greatest common divisor of o and f?
5
Let p(y) = y**3 - 7*y**2 - 5*y. Let l be p(8). Suppose -4*z + 9*z - 25 = -2*j, 2*z = -j + 11. Calculate the greatest common factor of l and z.
3
Let m be 2706/242 - (2 + (-40)/22). What is the greatest common divisor of 11 and m?
11
Let i(g) = g + 6. Let q be i(5). Calculate the highest common divisor of q and 55.
11
Let j(i) = -2*i**3 + 33*i**2 - 10*i + 2. Let h be j(16). Let d = -4 - -6. Suppose -d*b = -23 - 5. What is the highest common factor of b and h?
14
Let x be (57 - 1)/2 - -2. Let f = -20 + x. What is the highest common divisor of 20 and f?
10
Let m(g) = g**3 - 2*g**2 - 5*g - 2. Let a be m(4). Suppose -2*t + 39 + 81 = 0. Let w = t - 20. What is the greatest common factor of a and w?
10
Let n = 21 + -18. Suppose 0 = -5*p + n + 17. Calculate the highest common factor of p and 16.
4
Suppose -3*t - 4*s + 23 = 2*t, 5*t + 5*s = 25. Suppose -22 = 2*l - t*l. What is the highest common divisor of l and 242?
22
Let y = 51 + -21. Suppose -m = -6*m - y. Let j(t) = -t**3 - 6*t**2 - t - 2. Let p be j(m). What is the greatest common factor of 28 and p?
4
Suppose -30 = -g - 24. Calculate the greatest common divisor of 18 and g.
6
Suppose -2*l - n = -20, -5*l + n + 13 = -44. Let u be ((-3 - -2) + 2)*3. Suppose 33 = -0*x + u*x. Calculate the greatest common factor of l and x.
11
Suppose -5*r - 85 = -5*x, 0*r + 47 = 3*x + r. Suppose 2 = 3*p - x. Let s = p + 22. What is the highest common factor of 42 and s?
14
Let p(g) = -g**2 - 20*g - 24. Let m be p(-18). Calculate the highest common divisor of m and 12.
12
Suppose -3*w - 4*t = -58, 5*w + t = 17 + 57. What is the greatest common divisor of w and 8?
2
Let a(w) = 188*w**2 + 8*w + 7. Let l(d) = -188*d**2 - 7*d - 6. Let v(n) = -6*a(n) - 7*l(n). Let q be v(-1). What is the highest common divisor of 17 and q?
17
Let j(c) = c**3 - 4*c**2 - 2*c - 5. Let a be j(5). Let g = -2 + a. Calculate the highest common factor of g and 2.
2
Let a(o) = -o**2 - 11*o + 6. Suppose 3*i + 44 = -i. Let w be a(i). Suppose 2*r = 2*x - 58, -25 = 3*x + 2*r - 117. What is the greatest common factor of x and w?
6
Let d(o) = -4*o - 20. Let p be d(-15). Calculate the highest common divisor of p and 10.
10
Suppose -2*w - w = -15. Suppose 0*r + 2*r + 3*f = 23, w*r = 5*f + 45. What is the greatest common divisor of 5 and r?
5
Let h(s) = 45*s**3 + 2*s**2 - s + 4. Let q be h(2). Calculate the highest common divisor of 37 and q.
37
Let o be (-21 - -1)*4/(-8). What is the highest common divisor of o and 30?
10
Let a = 75 + -40. Suppose 2*z - 14 = -0*z. What is the greatest common factor of z and a?
7
Suppose -50 = -7*m + 2*m. Suppose -3*x = 2*r - 217, -3*r + x = -0*x - 331. Calculate the greatest common divisor of r and m.
10
Let m = 137 - 27. What is the highest common factor of m and 11?
11
Let l be 4*1/2 + 1. Calculate the greatest common divisor of l and 6.
3
Suppose 2*a = -2*h - a + 18, 0 = -3*h + 3*a + 42. What is the greatest common divisor of 132 and h?
12
Let f(t) = 2*t**2 - 10*t - 3. Let z be f(7). Let s = -14 + z. Calculate the greatest common divisor of s and 77.
11
Suppose -3*w - 9 = -2*j - 2*w, 21 = 4*j - 3*w. Calculate the highest common divisor of 3 and j.
3
Let m(u) = -13*u + 2. Let q be m(-2). Calculate the greatest common factor of 308 and q.
28
Suppose 6*a - 2*a - 24 = 0. What is the highest common divisor of 48 and a?
6
Suppose -3*p - 31 = -u, -5*p = -0*u - 2*u + 59. What is the greatest common factor of 11 and u?
11
Let g(j) = j**2 - 4*j - 1. Let v(h) = h**2 + 6*h - 2. Let d be v(-7). Let q be g(d). Suppose -5*w - q = -64. Calculate the highest common divisor of 36 and w.
12
Let n be (-15)/6*2 + 0. Let b be (n - 1)*4/(-8). Calculate the greatest common factor of b and 21.
3
Suppose -17*d = -14*d - 81. Let y be 1 - (-15 - 2 - 0). Calculate the greatest common factor of d and y.
9
Let v be 9 + -7 - (-12)/3. Suppose 87 = 5*o + 12. Calculate the highest common factor of o and v.
3
Let n be 15 + 2*(-4)/(-8). Let f = n + -10. Calculate the greatest common divisor of f and 4.
2
Suppose -2*x - 21 = x. Let f = 11 + x. Suppose 432 = -z + f*z. Calculate the highest common divisor of z and 16.
16
Let v = -150 - -159. What is the highest common factor of v and 81?
9
Let o be (-15 - (-1 + -1))*-5. What is the highest common divisor of 13 and o?
13
Let h = -28 + 18. Let z be ((-12)/5)/(2/h). Let t be 3 + 3/6*138. Calculate the highest